 5 = s. Calculate the remainder when 15 is divided by s.
6
Let n(d) = 9*d**2 - 1. Let j be n(-1). Suppose -l + 12 = -j. What is the remainder when 39 is divided by l?
19
Let c = 221 - 186. Suppose s - o - 13 = 0, 7*s - 2*s + 5*o = 65. What is the remainder when c is divided by s?
9
Suppose 5*d - 14 = -39. Let q(b) = b**3 + 4*b**2 - 6*b - 3. Calculate the remainder when 4/10 - 8/(-5) is divided by q(d).
0
Suppose 0 = 5*h - 15, 8 + 1 = -w + 4*h. Suppose -2*n - 21 = -w*n. Let q = 138 + -77. What is the remainder when q is divided by n?
19
Let p = 113 - -22. What is the remainder when p is divided by 34?
33
Let w(o) = o + 5. Let i be w(0). Suppose 0 = -6*q + i*q. Let y = q + 4. Calculate the remainder when 7 is divided by y.
3
Suppose -5*c + 110 = -0*c. Let n = c + -7. What is the remainder when 44 is divided by n?
14
Suppose 4*w = 8*w - 72. What is the remainder when 34 is divided by w?
16
Suppose -3*j + 3*n + 21 = -9, -40 = -4*j + 3*n. Calculate the remainder when 38 is divided by j.
8
Suppose 2*d + 2*d = -2*k + 2, -3*d + k = 1. Suppose -5*o + 65 = -d*m - m, -2*o + 4*m = -44. Calculate the remainder when 35 is divided by o.
11
Let i = -20 + 16. Let h(b) = b**2 - 2*b - 5. What is the remainder when h(i) is divided by 11?
8
Suppose -4*u = -3*m + 11, -5*u = -2*m - 0 - 2. Calculate the remainder when 16 is divided by m.
7
Let g(p) = 32*p - 6. What is the remainder when g(1) is divided by 14?
12
Let f = 5 - -28. Calculate the remainder when f is divided by 17.
16
Suppose c = 2*c - 3. Suppose 4*p - 3 = -43. Let y = c - p. Calculate the remainder when 38 is divided by y.
12
Let c = 42 - 22. What is the remainder when c is divided by (-1968)/(-176) - (-4)/(-22)?
9
Let r(f) = 3*f**2 - 2. Let q be (-4)/(-6)*(6 + -12). What is the remainder when r(2) is divided by (q/3)/(10/(-45))?
4
Let l(d) = 8*d. Let y(q) = 2*q - 9. Let c be y(7). Suppose 4 = -c*x + 39. What is the remainder when l(x) is divided by 19?
18
Let o(t) = t**2 + 3*t - 14. Let k be o(-6). Suppose -3 = k*g - 5*g - a, 0 = g - a - 11. Calculate the remainder when 11 is divided by g.
4
Suppose 6*g - 234 = -0*g. What is the remainder when g is divided by 8?
7
Let r = -17 - -27. Calculate the remainder when 26 is divided by r.
6
Let r = 6 + -3. Suppose u + 2*u = -12. Calculate the remainder when r is divided by u/((-12)/15) + -3.
1
Let t(l) = 3*l - 11. Let u(n) = -8 - 24 + 3*n + 6*n. Let m(o) = -17*t(o) + 6*u(o). What is the remainder when 28 is divided by m(5)?
8
Let c(z) = -z**2 - 9*z - 7. Calculate the remainder when 10 is divided by c(-7).
3
Let u = 5 + -2. Suppose 0 = -u*h + 8*h + 2*r - 319, h + 3*r - 69 = 0. Calculate the remainder when h is divided by 16.
15
Let b(n) = 10*n - 14. Suppose 127 + 14 = 3*q. Calculate the remainder when q is divided by b(3).
15
Let n = -25 - -44. Suppose 3*u + 7 = -x, 5*x + 4*u = -6 - 7. What is the remainder when (61 - 3) + 2*x is divided by n?
18
Suppose 5*o = -3*p - 48 + 278, 3*o + 2*p - 137 = 0. Calculate the remainder when 192 is divided by o.
45
Let y(q) = 8*q**3 - 6*q**2 - 6*q + 8. What is the remainder when y(3) is divided by 51?
50
Let q = -25 + 38. What is the remainder when 74 is divided by q?
9
Suppose z + 2*z - 12 = 0. Let j be -2 - (-2)/z*4. Let o = 8 + j. What is the remainder when o is divided by 5?
3
Let n(u) = u - 1. Let y be n(9). Suppose 4 = 3*o - 2. Calculate the remainder when (-1)/o - (-236)/y is divided by 15.
14
Calculate the remainder when 3/(-3*3/(-135)) is divided by 12.
9
Let l(p) = -p**2 + p + 57. Suppose 4*u - 57 = i, 0 = -i - 0*i + 3. Calculate the remainder when l(0) is divided by u.
12
Let u(j) = -21*j + 2. Suppose m + 3 = -2*m. What is the remainder when u(m) is divided by 8?
7
Suppose -5*r = -2*z - 30, 31 = 5*r - 5*z + 1. Suppose 0*l - 3*l = -12. What is the remainder when r is divided by l?
2
Let k(y) = -y**2 + 9*y + 7. Let m be (-6)/(-8) + (-66)/(-8). What is the remainder when 20 is divided by k(m)?
6
Suppose 2*p = -2*h + 34, -4*h + 4*p = -9*h + 86. What is the remainder when 86 is divided by h?
14
Let w = -13 + 20. Let l = -14 - -23. Suppose -a + 5*u - 7 = 0, 3*a + u - 2 = l. Calculate the remainder when w is divided by a.
1
Suppose -t = -0*t + 3. Let r = 45 - 22. Calculate the remainder when 3 + (70 - 2) + t is divided by r.
22
Let j be 28/(5/(30/4)). Let z = j - 3. What is the remainder when 1/(2/(z + -3)) is divided by 5?
3
Let q be 11/(-2) + (-2)/(-4). Let j = 11 - q. Calculate the remainder when (1*-1)/((-1)/46) is divided by j.
14
Let d = -55 + 82. Let f(n) = -n**2 + 6*n + 2. What is the remainder when d is divided by f(5)?
6
Suppose 5*o = 4*o + 15. What is the remainder when 58 is divided by o?
13
Let t(r) = -2*r - 2. Let o = -4 + 2. Let l be t(o). Suppose x + v = 10, 4*x + l*v + v = 36. What is the remainder when x is divided by 4?
2
Suppose 3*b - 4 = 5. Calculate the remainder when (-66)/(-15) + (-4)/10 is divided by b.
1
Suppose 2*v - 30 = -0*v - 2*i, 84 = 4*v - 4*i. Let o = 41 - -12. What is the remainder when o is divided by v?
17
What is the remainder when 76 is divided by (-1)/(-3) + (-177)/(-9)?
16
Suppose -2*g = -5*z - 35 + 6, 14 = -2*z + 2*g. Suppose 35 = 5*c - 45. What is the remainder when (z/(-20))/(1/124) is divided by c?
15
Let t(q) = 47*q + 1. Let b = -3 + 4. Let u be t(b). Suppose -h + u = h. Calculate the remainder when h is divided by 13.
11
Suppose -5*s + 40 + 10 = 0. Suppose a = 15 + s. Calculate the remainder when a is divided by 9.
7
What is the remainder when 37 is divided by 19/(-2)*(-6)/3?
18
Suppose 0 = 2*k - 2*p - 0*p + 66, 2*p = -2*k - 50. Let f = -9 - k. Suppose -39 = -4*r + 3*r. What is the remainder when r is divided by f?
19
Suppose 3*z + 0*z - 63 = 0. Calculate the remainder when z is divided by 3.
0
Suppose a - 4*j + 3*j = 5, 2*a - 3*j - 8 = 0. Let g = a - 5. What is the remainder when (2/1)/((-2)/(-4)) is divided by g?
0
Suppose -3*o = c - 5, -4*o + 3 = 2*c - 5*o. Suppose -c*a = 8, -3*a - 51 = -3*z + 60. Calculate the remainder when z is divided by 12.
9
Suppose f - 26 = -f. Suppose -306 = -30*c + 24*c. What is the remainder when c is divided by f?
12
Let x = 101 - 85. What is the remainder when 45 is divided by x?
13
Let m(h) = 2*h**2 - 3*h - 7. Let c be m(5). Suppose c + 192 = 4*j. Calculate the remainder when j is divided by 14.
13
Let r be -1 - 3/(1 + -2). Let b(c) = -2 - 1 + r*c + c. What is the remainder when 26 is divided by b(4)?
8
What is the remainder when (-26)/(-13) - (-68 + -1) is divided by 18?
17
Let o(j) = j**3 + 9*j**2 - 14*j + 3. Let d be o(-10). Let n = d - 22. Calculate the remainder when n is divided by 6.
3
Suppose 0 = -4*l - 16 + 180. Calculate the remainder when 79 is divided by l.
38
Let m be 3*(8/6)/1. Suppose 0 = m*w + 16, 6*h + 3 = 5*h - 4*w. Calculate the remainder when h is divided by (-1)/((4 - 2)/(-10)).
3
Let i be -2*1*(-2)/4. Suppose -a - 7 = -2*q, 3*a = -0*a + 9. What is the remainder when 17 is divided by i + -2 - -2*q?
8
Suppose 463 = 4*r + 2*m + 145, -m = -5*r + 408. What is the remainder when r is divided by 21?
18
Suppose 6*g - 4*g + 4*m = 24, -2*m = -3*g - 4. What is the remainder when 3 is divided by g?
1
Suppose 5*z - 20 = -2*b + 36, -4*z + 4*b = -28. Let k = z - 4. Calculate the remainder when 62/4 + 3/k is divided by 6.
4
Suppose 4 = b - 0. Let l(o) = o**3 + 4*o**2 - 7*o - 2. Let s be l(-5). Let a = 10 - s. Calculate the remainder when b is divided by a.
0
Suppose 41 - 59 = -6*m. What is the remainder when m is divided by 3?
0
Let z = -9 + 19. Calculate the remainder when 17 is divided by z.
7
Suppose -4*l = -2*f - 16, -2*l + l - 5*f + 15 = 0. Calculate the remainder when (1 + 27)*l/4 is divided by 18.
17
Suppose o - 3 = -0*o. Suppose 0 = -o*k + 24 - 0. Suppose -3*h - 2*h + b + 107 = 0, 5*h + b = 113. What is the remainder when h is divided by k?
6
Let b = 16 - 7. What is the remainder when ((-476)/(-35) + -7)*1*5 is divided by b?
6
Let w(o) = -3*o + 97. Calculate the remainder when 106 is divided by w(23).
22
Let f(o) = o**2 + 11*o - 106. What is the remainder when f(7) is divided by 5?
0
Let w(d) = 2*d**2 - 10*d - 9. Let t be w(10). Let j = t + -34. What is the remainder when j is divided by 15?
12
Let b(r) = 3*r**2 + 11*r - 7. Let j = 0 - -12. What is the remainder when b(-6) is divided by j?
11
Let b(t) = -t**3 + t + 2. Let c be 